 is 31 + -1301351?
-1301320
In base 5, what is 134002 - 142?
133310
In base 7, what is 4 - -54545?
54552
In base 6, what is -3024305 - -1?
-3024304
In base 10, what is -4 - 48093?
-48097
In base 3, what is 122121112111 - 1?
122121112110
In base 7, what is 10 + 3244?
3254
In base 5, what is -3 - 1111331?
-1111334
In base 12, what is -10531 - -4?
-10529
In base 12, what is 117 - -21?
138
In base 2, what is 0 + 1111011100000010111?
1111011100000010111
In base 4, what is 2233301 + 11?
2233312
In base 15, what is 2 - de2?
-de0
In base 8, what is -100 - 222?
-322
In base 6, what is 12241 - 2121?
10120
In base 12, what is -13 - 12977?
-1298a
In base 4, what is 32 + -10012?
-3320
In base 4, what is -20013 + 102101?
22022
In base 3, what is 2001 + 11021?
20022
In base 9, what is 2 + -1332652?
-1332650
In base 2, what is -11 - 1010001100?
-1010001111
In base 13, what is 23 - 144?
-121
In base 7, what is 1151 + 1060?
2241
In base 11, what is -378162 + -2?
-378164
In base 2, what is 101 - 100011101001101?
-100011101001000
In base 8, what is 207347 + 11?
207360
In base 9, what is -2 + -1206445?
-1206447
In base 9, what is -75842 - 4?
-75846
In base 2, what is -11010 + 1101010011?
1100111001
In base 3, what is 2 - 120211002201?
-120211002122
In base 4, what is 11 + 3202031?
3202102
In base 13, what is -54 - 2a2?
-326
In base 5, what is 41 - 430433?
-430342
In base 5, what is 10 - -100334?
100344
In base 6, what is 34 - 2425?
-2351
In base 13, what is -213 + 705?
4c2
In base 6, what is 43300 - 454?
42402
In base 13, what is 6 - -588?
591
In base 16, what is d88eb + 0?
d88eb
In base 9, what is -153228 - -1?
-153227
In base 5, what is 1102 + 30020?
31122
In base 6, what is -2 + -334513?
-334515
In base 12, what is 275 + 51?
306
In base 8, what is 277 - -13622?
14121
In base 6, what is -203 - -2350?
2143
In base 9, what is -4 + -13281?
-13285
In base 4, what is -31 - 22323?
-23020
In base 2, what is 1001 + 1010100111110001?
1010100111111010
In base 3, what is 11100 + -12200?
-1100
In base 4, what is 2230002 + -2300?
2221102
In base 8, what is 16513 - -1?
16514
In base 11, what is -1 - 5371?
-5372
In base 5, what is -1341433 + 24?
-1341404
In base 5, what is 4432032 + 4?
4432041
In base 7, what is 303 + 13040?
13343
In base 16, what is 41 - 5e5?
-5a4
In base 2, what is 110111 + 1111111101?
10000110100
In base 12, what is -48 + -142b?
-1477
In base 9, what is -557 - 40?
-607
In base 12, what is 5 - a907?
-a902
In base 15, what is 35e6 + 0?
35e6
In base 9, what is -1 - -67371?
67370
In base 16, what is 183 + 94?
217
In base 14, what is -4a0 + -1543?
-1a03
In base 11, what is 4 - -55365a?
553663
In base 11, what is 2 - 10050?
-10049
In base 7, what is -452046 + -5?
-452054
In base 2, what is -10111111011 - -100001010?
-10011110001
In base 5, what is -314414303 + -4?
-314414312
In base 14, what is -7 + -10?
-17
In base 13, what is -182233 - 3?
-182236
In base 13, what is 3 - 18acb?
-18ac8
In base 12, what is -40 - -584?
544
In base 10, what is 36 - 57?
-21
In base 13, what is 0 + -32c33?
-32c33
In base 13, what is 130c - -5?
1314
In base 8, what is -76 + -201?
-277
In base 14, what is -56d0 + -28?
-5718
In base 12, what is 20ab - -6?
20b5
In base 14, what is 495 - 9?
48a
In base 9, what is -206 - 3102?
-3308
In base 13, what is 425b1c - -5?
425b24
In base 14, what is 91d - 589?
374
In base 11, what is 3 + 3607?
360a
In base 11, what is 161578 - 1?
161577
In base 5, what is 34 + 32141?
32230
In base 14, what is 5d4 - 35?
59d
In base 7, what is -13424 + 365?
-13026
In base 9, what is 13 - 8010?
-7886
In base 13, what is -1 - 31361?
-31362
In base 9, what is 20344250 + 5?
20344255
In base 11, what is 37087 - -3?
3708a
In base 9, what is -35467 - -4?
-35463
In base 13, what is -22b2 - -c?
-22a3
In base 16, what is b - 5a59?
-5a4e
In base 5, what is 301021 + -430?
300041
In base 5, what is -4 + 4241401?
4241342
In base 8, what is 15210 + 5?
15215
In base 6, what is -143 - -12144?
12001
In base 10, what is -9701 + -26?
-9727
In base 6, what is 13015 - 10?
13005
In base 3, what is -201 + 22021221121?
22021220220
In base 16, what is -26 - -61d?
5f7
In base 13, what is -6991 + -13?
-69a4
In base 15, what is 618 + -7c?
58b
In base 4, what is 3203110 - 2?
3203102
In base 12, what is -a72 + 4?
-a6a
In base 8, what is -4 - -27650?
27644
In base 11, what is 8 + -a21?
-a14
In base 13, what is 39258 + 1?
39259
In base 15, what is 1862 - 7?
185a
In base 16, what is 5c5 - 73?
552
In base 5, what is -10 + 42432?
42422
In base 8, what is 4 - -4430020?
4430024
In base 14, what is -a + 1717?
170b
In base 7, what is 120364 - 11?
120353
In base 3, what is 111 + -10211100?
-10210212
In base 14, what is 146c - -1a?
1488
In base 13, what is 0 + -9077?
-9077
In base 14, what is 2c9bd - -9?
2c9c8
In base 14, what is -55 - 8c2?
-937
In base 16, what is 70 + 74?
e4
In base 13, what is -22b92 + 57?
-22b38
In base 11, what is 0 + 69a1?
69a1
In base 12, what is 19b8 + 135?
1b31
In base 13, what is -37a - -5?
-375
In base 13, what is 8ab - c7?
7b4
In base 2, what is -10 - 11111111011110011?
-11111111011110101
In base 11, what is 2 - 3389?
-3387
In base 3, what is -112202122200 - 10?
-112202122210
In base 15, what is 169e - 4?
169a
In base 8, what is -100 + -111?
-211
In base 9, what is 11 - -33730?
33741
In base 11, what is -2 - -6612?
6610
In base 7, what is -4 + 261063?
261056
In base 11, what is -44 - 43549?
-43592
In base 15, what is 3173 - -b?
317e
In base 6, what is 3 + -243142?
-243135
In base 9, what is 22156 - 21?
22135
In base 8, what is -4605 + 367?
-4216
In base 3, what is -122021 + -10?
-122101
In base 10, what is 3 - 65790?
-65787
In base 16, what is 932 - -c9?
9fb
In base 3, what is 111 + -11211020?
-11210202
In base 7, what is -20 + -122014?
-122034
In base 5, what is -122240 - 14?
-122304
In base 14, what is 377 + -b?
36a
In base 15, what is 8 + b643?
b64b
In base 12, what is -1 + -1a872?
-1a873
In base 7, what is -3205 + 1?
-3204
In base 2, what is 1 + 11011110100101?
11011110100110
In base 8, what is -321 - 6037?
-6360
In base 3, what is 202110000012 - -20?
202110000102
In base 3, what is -1 - -11120201100?
11120201022
In base 11, what is 422 + 48?
46a
In base 10, what is -46 + -1971?
-2017
In base 11, what is -3 - 98117?
-9811a
In base 15, what is -1 + -a7cd?
-a7ce
In base 4, what is -3013331 + -20?
-3020011
In base 3, what is 2022201021002 + 2?
2022201021011
In base 10, what is -2122584 + -4?
-2122588
In base 9, what is 45 + 1873?
2028
In base 2, what is -110000010001 + 101?
-110000001100
In base 15, what is 3 + 99be?
99c2
In base 11, what is -34 + 285?
251
In base 12, what is 56 + 1038?
1092
In base 15, what is -33b7 + 0?
-33b7
In base 3, what is 220121 - 12220?
200201
In base 13, what is 25 - -712?
737
In base 10, what is -79837 + -3?
-79840
In base 5, what is -112 - 142214?
-142331
In base 12, what is -440 - 149?
-589
In base 13, what is -1a6 + 12c?
-77
In base 14, what is 4 + -4135?
-4131
In base 12, what is 66a1 + 27b?
6960
In base 6, what is 0 + 5105053?
5105053
In base 14, what is bb5b - -31?
bb8c
In base 15, what is -1 + -7c5e?
-7c60
In base 8, what is -12410524 - 5?
-12410531
In base 15, what is -1 - -41438?
41437
In base 12, what is -11 + 1554?
1543
In base 5, what is -3 + -2223121?
-2223124
In base 7, what is 5 + -165501?
-165463
In base 2, what is -1111101111000 - 0?
-1111101111000
In base 5, what is 12414133 + 10?
12414143
In base 14, what is 37252 - -5?
37257
In base 14, what is a694 - 3?
a691
In base 4, what is -1010 - 133302?
-200312
In base 9, what is -137 - -16864?
16726
In base 6, what is 353212 + -4?
353204
In base 4, what is 33131 + 202?
33333
In base 13, what is 476152 - 3?
47614c
In base 14, what is 13 - -292?
2a5
In base 12, what is 5 - -2b100?
2b105
In base 6, what is 2044305 + -2?
2044303
In base 16, what is 25 + -588?
-563
In base 8, what is 4005 + -110?
3675
In base 2, what is 1011 - -11100000000111000?
11100000001000011
In base 8, what is 27206 + 221?
27427
In base 3, what is -1012020202021 - 2?
-1012020202100
In base 15, what is 3 + 10156?
10159
In base 12, what is -16 + 199?
183
In base 10, what is 3355 + -70?
3285
In base 3, what is 112210220 + 21?
112211011
In base 12, what is -118a5 - 16?
-118bb
In base 12, what is -44a0 + 34?
-4468
In base 